.
-4ca
What is 760 (base 8) in base 12?
354
1000000100111110 (base 2) to base 8
100476
What is 214014 (base 5) in base 16?
1cd8
Convert -4042 (base 6) to base 10.
-890
Convert 7dc (base 14) to base 2.
11000011110
647 (base 11) to base 16
309
What is 104310 (base 5) in base 4?
321321
-585 (base 16) to base 5
-21123
Convert 43 (base 8) to base 9.
38
What is 130445 (base 6) in base 7?
46340
Convert -3301 (base 5) to base 16.
-1c3
What is -49 (base 13) in base 15?
-41
-4056 (base 10) to base 11
-3058
What is 121443 (base 5) in base 9?
6306
-121000212 (base 3) to base 5
-333222
Convert -21420 (base 6) to base 16.
-b94
What is 1789 (base 11) in base 4?
203203
Convert 3355 (base 15) to base 6.
122212
What is 1267 (base 10) in base 15?
597
What is 65 (base 15) in base 7?
164
1c1 (base 14) to base 3
111112
What is -365a (base 16) in base 3?
-201002100
What is -6f (base 16) in base 10?
-111
Convert 202023 (base 4) to base 15.
9ac
Convert 100311 (base 4) to base 11.
89a
-32130 (base 5) to base 9
-2865
What is 2280 (base 10) in base 5?
33110
What is 3d6c (base 16) in base 7?
63562
What is 3971 (base 15) in base 10?
12256
22002021 (base 3) to base 14
220d
458 (base 9) to base 8
571
What is -8687 (base 11) in base 7?
-45303
What is -1111011 (base 2) in base 5?
-443
41c2 (base 15) to base 10
13907
What is -1042103 (base 6) in base 11?
-36336
What is -3313403 (base 5) in base 3?
-2220200012
What is 25133 (base 6) in base 4?
322101
30564 (base 8) to base 9
18326
13210 (base 4) to base 15
224
1110122 (base 3) to base 8
2056
-382 (base 11) to base 6
-2033
264556 (base 7) to base 4
30020032
-111a (base 13) to base 7
-6652
Convert -25ba (base 16) to base 15.
-2cdd
Convert 769 (base 12) to base 2.
10001000001
What is 22551 (base 6) in base 14?
1271
201011 (base 3) to base 5
4032
What is -1864 (base 9) in base 16?
-59b
Convert -7630 (base 10) to base 15.
-23da
What is -4263 (base 14) in base 2?
-10110010111111
5c22 (base 14) to base 16
3ee6
-63b (base 12) to base 13
-551
104 (base 7) to base 8
65
What is 64006 (base 8) in base 12?
134b2
What is 133320 (base 4) in base 14?
a5a
-588 (base 9) to base 5
-3420
Convert -20 (base 14) to base 11.
-26
Convert -1142 (base 8) to base 13.
-37c
Convert -132544 (base 6) to base 15.
-39a4
What is c12a (base 14) in base 5?
2030122
-19a (base 12) to base 16
-106
Convert 304323 (base 5) to base 4.
2123223
-126626 (base 7) to base 14
-8a4d
What is 3610 (base 11) in base 2?
1001001111010
What is -7153 (base 8) in base 16?
-e6b
What is -100222022 (base 3) in base 8?
-16147
2967 (base 11) to base 6
25412
Convert -11533 (base 7) to base 3.
-11010121
873 (base 9) to base 4
23022
What is 262014 (base 7) in base 15?
e67c
What is -55 (base 9) in base 8?
-62
-2422 (base 10) to base 5
-34142
711 (base 9) to base 16
241
What is 2312 (base 4) in base 3?
20202
What is -1203 (base 8) in base 4?
-22003
1107 (base 11) to base 6
10431
What is -1010011100 (base 2) in base 6?
-3032
Convert -828 (base 15) to base 13.
-ab5
Convert -23545 (base 8) to base 12.
-5a05
Convert -15c39 (base 14) to base 9.
-82728
-13a2 (base 12) to base 8
-4352
Convert 18ab (base 14) to base 12.
26bb
Convert 703d (base 15) to base 4.
11302003
What is 321a (base 13) in base 12?
4034
What is -48595 (base 10) in base 7?
-261451
What is -169 (base 16) in base 11?
-2a9
What is 33300213 (base 4) in base 10?
64551
Convert -362 (base 9) to base 11.
-252
Convert -22a (base 14) to base 12.
-2ba
What is -2002 (base 6) in base 9?
-532
Convert -1642 (base 12) to base 11.
-1a92
140205 (base 7) to base 3
1100101000
What is -2a25 (base 16) in base 15?
-32e4
What is 2a127 (base 11) in base 7?
235420
Convert 3a09 (base 11) to base 8.
12134
21545 (base 11) to base 6
400431
What is -40546 (base 11) in base 12?
-2a32b
What is -14451 (base 7) in base 5?
-112010
Convert 20831 (base 9) to base 4.
3113212
Convert -1557 (base 10) to base 9.
-2120
1636 (base 7) to base 4
22120
Convert -7a4 (base 12) to base 7.
-3205
-7282 (base 13) to base 7
-64063
What is 9356 (base 11) in base 5?
344103
Convert 476 (base 13) to base 5.
11043
227 (base 14) to base 7
1150
What is -1632 (base 7) in base 11?
-550
Convert -3312 (base 4) to base 9.
-303
Convert -1100201 (base 3) to base 14.
-50b
-14020 (base 5) to base 7
-3211
What is 1da (base 15) in base 7?
1153
What is 623 (base 12) in base 8?
1573
-1101101110100101 (base 2) to base 3
-2212010120
-11042 (base 7) to base 8
-5326
What is 10174 (base 10) in base 3?
111221211
Convert -23341 (base 7) to base 13.
-2971
What is 100100110110 (base 2) in base 3?
10020100
-80a (base 11) to base 12
-696
What is -32141 (base 5) in base 4?
-201323
-68e (base 15) to base 2
-10111001100
Convert 11aa (base 13) to base 16.
9ca
Convert 21102 (base 5) to base 9.
1827
What is -111110110110 (base 2) in base 9?
-5458
What is ce (base 16) in base 6?
542
Convert -9122 (base 16) to base 14.
-d77c
What is -1329 (base 12) in base 4?
-202101
4414 (base 5) to base 15
2a9
Convert 267 (base 11) to base 15.
160
24112 (base 6) to base 2
110110101100
-1000100000100011 (base 2) to base 4
-20200203
What is -1234 (base 5) in base 16?
-c2
-23032 (base 4) to base 16
-2ce
What is 1101001010110 (base 2) in base 9?
10221
What is -57086 (base 9) in base 12?
-19b96
Convert -303 (base 7) to base 8.
-226
4b54 (base 13) to base 9
15626
What is -462 (base 8) in base 7?
-615
Convert -905 (base 10) to base 2.
-1110001001
-776c (base 14) to base 3
-1001100210
What is -131111 (base 6) in base 3?
-121100121
Convert 2598 (base 15) to base 10.
8018
What is -2b0 (base 14) in base 15?
-266
Convert -222122 (base 3) to base 8.
-1317
What is 7127 (base 8) in base 16?
e57
Convert -102211 (base 5) to base 4.
-311213
Convert -2042 (base 7) to base 13.
-431
-623d (base 14) to base 8
-41017
Convert -64c (base 15) to base 8.
-2616
-1020021120 (base 3) to base 4
-11323011
6538 (base 9) to base 10
4814
What is -30 (base 15) in base 6?
-113
-6605 (base 7) to base 14
-c05
Convert 6806 (base 14) to base 12.
a532
Convert 406 (base 10) to base 4.
12112
Convert 522 (base 9) to base 12.
2b5
-152042 (base 7) to base 6
-344412
2215 (base 6) to base 14
28b
-25725 (base 8) to base 6
-123541
What is 229a3 (base 11) in base 13?
12119
Convert -31161 (base 7) to base 4.
-1313112
14a (base 16) to base 15
170
What is b89 (base 13) in base 15?
8b7
Convert 63041 (base 7) to base 5.
443324
Convert 1220011 (base 3) to base 4.
111211
Convert -321303 (base 4) to base 3.
-12002000
-1001011000110010 (base 2) to base 4
-21120302
Convert 1212 (base 3) to base 8.
62
What is 9b6 (base 12) in base 2?
10110011010
Convert 34a (base 11) to base 9.
513
-223 (base 6) to base 10
-87
254 (base 8) to base 13
103
Convert c06c (base 15) to base 6.
511550
Convert 6a5c (base 13) to base 2.
11101001100101
What is -397 (base 11) in base 2?
-111010101
-3447 (base 13) to base 10
-7326
Convert 201021010 (base 3) to base 7.
55641
What is 1061 (base 13) in base 16?
8e4
-11056 (base 7) to base 16
-ae1
What is 13433 (base 6) in base 9?
2803
What is 21210 (base 3) in base 15?
e0
Convert -102ad (base 14) to base 15.
-b826
What is -697 (base 12) in base 9?
-1307
-2034 (base 9) to base 14
-785
-325 (base 9) to base 7
-530
Convert -774 (base 15) to base 12.
-b84
What is -11303000 (base 4) in base 3?
-1012120102
What is -80c (base 16) in base 9?
-2738
What is 3a52 (base 13) in base 14?
3084
What is 515 (base 7) in base 5?
2012
-25226 (base 7) to base 12
-3a0b
What is -68 (base 10) in base 7?
-125
What is 2e0c (base 16) in base 13?
549a
Convert 100101101000 (base 2) to base 7.
10010
Convert 24312 (base 6) to base 4.
313310
1461 (base 8) to base 14
425
Convert -566 (base 8) to base 9.
-455
1c2 (base 14) to base 3
111120
-1253 (base 7) to base 5
-3404
What is 2303 (base 12) in base 6?
30003
-222222 (base 4) to base 11
-2062
What is -655c (base 14) in base 13?
-7c92
-549 (base 12) to base 4
-30021
What is -723 (base 8) in base 11?
-395
What is 12333 (base 6) in base 3?
2112210
What is -10010100 (base 2) in base 13?
-b5
34072 (base 9) to base 10
22664
What is -626 (base 7) in base 3?
-102122
-22411 (base 5) to base 13
-967
What is 128 (base 11) in base 8?
227
263a6 (base 11) to base 15
b2b7
What is 1311022 (base 4) in base 3?
101021201
-12122 (base 5) to base 6
-4120
3477 (base 10) to base 14
13